5*c**3 + 112*c**2 - 22*c + 1061. Calculate w(-23).
-20
Let q(f) = -70*f - 3114. Calculate q(-38).
-454
Let w(l) = 3199*l - 22318. Give w(7).
75
Let x(d) = 54706*d**2 + 1422357*d + 33. Give x(-26).
7
Let a(u) = 1069*u + 13348. What is a(-13)?
-549
Let o(t) = -3*t**3 - 34*t**2 - 42*t - 1314. Determine o(-13).
77
Let t(i) = i**3 - 258*i**2 - 30012*i + 222. Give t(-87).
-39
Let p(f) = -10*f**2 + 3106*f - 101223. Calculate p(37).
9
Let q(i) = i**3 - 618*i**2 - 3710*i + 222. Determine q(-6).
18
Let r(t) = 1750*t - 154006. Calculate r(88).
-6
Let h(w) = -w**3 - 17*w**2 + 73*w + 386. Give h(6).
-4
Let h(q) = -25371*q + 202940. Give h(8).
-28
Let n(a) = -a**3 - 22*a**2 - 80*a - 109. What is n(-13)?
-590
Let t(i) = 5*i**2 - 776*i - 620. What is t(156)?
4
Let d(q) = 2*q**3 - 482*q**2 + 959*q - 829. Give d(239).
-112
Let n(x) = -348*x**2 - 3498*x - 197. What is n(-10)?
-17
Let c(n) = 33*n**2 - 1756*n - 432. Calculate c(53).
-803
Let p(m) = m**2 - 88*m - 107. Determine p(65).
-1602
Let l(y) = 2*y**2 - 19483*y + 660036. What is l(34)?
-74
Let h(p) = 217*p**2 + 2345*p + 6291. Calculate h(-5).
-9
Let a(p) = 8*p**2 - 28*p - 3808. Calculate a(23).
-220
Let g(d) = 4*d**2 - 1304*d + 7797. Give g(6).
117
Let y(j) = 4*j + 10. Give y(-28).
-102
Let q(v) = 183677*v - 183672. Calculate q(1).
5
Let n(h) = 11*h + 1225. Determine n(176).
3161
Let v(z) = z**3 - 25*z**2 - 29*z - 232. Calculate v(27).
443
Let f(z) = 423*z - 28649. Give f(70).
961
Let u(j) = -31*j**2 + 2632*j + 262. Calculate u(85).
7
Let j(c) = 2*c**2 + 523*c + 4304. Determine j(-253).
3
Let k(q) = -q**3 - 12*q**2 + 100*q + 682. Determine k(-16).
106
Let c(a) = a**2 - 1171*a + 124263. What is c(118)?
9
Let z(d) = -2*d**2 + 177*d + 2333. Calculate z(-13).
-306
Let d(i) = -526*i**2 - 7932*i - 38. Determine d(-15).
592
Let t(j) = -1012*j**2 - 23259*j + 5. Give t(-23).
-386
Let p(j) = 68*j + 14464. What is p(-212)?
48
Let k(h) = 3*h**3 + 67*h**2 + 5*h + 1158. Determine k(-23).
-15
Let n(l) = 15*l**3 - 4391*l**2 - 1165*l - 2041. Calculate n(293).
10
Let q(b) = b**3 - 1060*b**2 - 173390*b - 2002. Determine q(-144).
14
Let h(g) = 1647*g + 6562. What is h(-4)?
-26
Let z(f) = -f**3 - 19*f**2 + 68*f + 797. Give z(-19).
-495
Let x(g) = -270*g - 12301. Determine x(-40).
-1501
Let s(p) = 195*p + 5269. Calculate s(-16).
2149
Let w(f) = -f**3 + 58*f**2 + 1359*f - 10031. Determine w(6).
-5
Let m(k) = 1852*k - 3118. Determine m(2).
586
Let s(t) = -47*t**2 + 315*t - 961. What is s(3)?
-439
Let a(j) = 1614*j + 64266. What is a(-40)?
-294
Let l(m) = m**3 - 23*m**2 + 4*m + 373. What is l(5)?
-57
Let u(i) = -1174*i + 54298. Give u(47).
-880
Let x(r) = -33*r**2 - 2532*r - 30128. What is x(-62)?
4
Let p(s) = s**3 - 71*s**2 - 152*s - 160. Give p(73).
-598
Let a(w) = -w**2 - 5226*w - 57405. Determine a(-11).
-40
Let q(x) = -102*x - 1825. What is q(-23)?
521
Let a(w) = 107*w - 5809. Give a(65).
1146
Let o(u) = 45*u**2 + 403*u + 220. Give o(-8).
-124
Let r(y) = -7*y + 1649. Give r(56).
1257
Let j(h) = h**2 - 1985*h - 97593. What is j(-48)?
-9
Let i(w) = -555*w + 49606. Calculate i(90).
-344
Let s(r) = -68*r**2 + 7268*r + 884. What is s(107)?
28
Let c(m) = -18*m**2 - 89*m + 397. Give c(-4).
465
Let h(g) = 525*g + 26385. Determine h(-50).
135
Let d(f) = 104*f + 31668. Give d(-304).
52
Let u(m) = -2*m**3 - 22*m**2 - 86*m - 185. Calculate u(-6).
-29
Let v(a) = 5*a**2 - 1535*a - 7575. What is v(312)?
225
Let i(w) = -117*w**2 + 110*w - 312. Determine i(3).
-1035
Let q(d) = -10157*d + 15956. Give q(2).
-4358
Let v(m) = 5*m**2 - 181*m + 892. Calculate v(33).
364
Let l(i) = 23*i**2 - 765*i - 16694. What is l(-15)?
-44
Let o(z) = 11*z**2 - 912*z - 104. Calculate o(83).
-21
Let s(o) = 14*o**2 + 11165*o - 33502. Determine s(3).
119
Let s(u) = 11*u**2 + 3*u - 132. Give s(-9).
732
Let q(b) = -420462*b + 4625102. Calculate q(11).
20
Let u(h) = -h**3 + 34*h**2 + 18*h + 222. Give u(35).
-373
Let k(y) = -14*y**2 - 4444*y - 38863. Give k(-9).
-1
Let t(p) = -4*p**2 + 12792*p - 216282. What is t(17)?
26
Let l(u) = -1874*u**2 - 321*u + 9. What is l(1)?
-2186
Let b(r) = -2*r**3 - 41*r**2 + 249*r + 4171. Determine b(-18).
-1931
Let m(c) = -1132*c**2 - 56*c + 81. Give m(2).
-4559
Let g(l) = -1475*l + 42466. Give g(31).
-3259
Let d(n) = n**3 - 117*n**2 - 845*n + 2. Give d(-7).
-159
Let x(d) = -3836*d - 46020. Calculate x(-12).
12
Let a(z) = -9557*z - 38318. What is a(-4)?
-90
Let t(y) = 47*y**2 - 3407*y - 22110. Calculate t(-6).
24
Let u(w) = 607*w - 3597. What is u(6)?
45
Let x(v) = -v**3 - 122*v**2 + 243*v + 110. Calculate x(-124).
730
Let f(g) = 223*g**2 + 551*g + 1654. Give f(-3).
2008
Let r(d) = d**3 - 5*d**2 - 504*d + 3002. Give r(6).
14
Let t(a) = -a**3 + 16*a**2 + 228*a + 214. What is t(-1)?
3
Let s(x) = 2946*x**2 + 273976*x - 225. Give s(-93).
-39
Let g(t) = 8*t**2 - 103*t - 2059. Determine g(-11).
42
Let d(t) = -8*t**2 - 1039044*t - 1039045. What is d(-1)?
-9
Let w(a) = 200*a + 6011. What is w(-30)?
11
Let q(t) = -t**2 - 16415*t - 164024. Calculate q(-10).
26
Let x(t) = t**2 - 413*t + 39734. Give x(152).
62
Let l(r) = 19*r**3 - 1251*r**2 - 200*r + 120. Determine l(66).
-12
Let h(r) = -r**2 + 14215*r + 470195. Determine h(-33).
11
Let s(c) = -121*c**2 - 60740*c + 1000. What is s(-502)?
-4
Let u(d) = -5*d**2 - 274*d + 3315. What is u(-65)?
0
Let j(b) = b**2 + 1054*b - 186034. What is j(154)?
-2
Let r(c) = -c**3 - 104*c**2 - 2726*c - 1518. Determine r(-49).
1
Let m(q) = -q**2 - 32010*q + 128066. Give m(4).
10
Let t(n) = -37772*n + 1926389. Give t(51).
17
Let b(g) = 4*g**3 + 71*g**2 + 33*g - 243. What is b(-18)?
-1161
Let i(j) = -5*j**3 - 10*j**2 + 141*j - 216. What is i(8)?
-2288
Let q(o) = -14170*o**2 + 141700*o + 2. Calculate q(10).
2
Let j(a) = 55*a**2 - 6*a + 12. What is j(3)?
489
Let q(d) = -29*d**3 - 608*d**2 - 8*d + 74. Determine q(-21).
683
Let c(g) = -g**3 + 12411*g**2 + 149071*g - 38. What is c(-12)?
22
Let q(c) = -c**2 + 100*c - 1135. Determine q(90).
-235
Let g(t) = -117*t**2 - 3262*t - 88. Give g(-26).
5632
Let k(w) = -w**2 + 11*w + 933. Give k(-20).
313
Let l(o) = 2*o**3 - 2*o**2 - 25*o - 54. Determine l(5).
21
Let n(m) = 46*m - 5874. What is n(74)?
-2470
Let y(o) = -782*o - 121970. Calculate y(-156).
22
Let d(u) = u**3 - 90*u**2 + 1642*u - 4034. Determine d(66).
-206
Let b(x) = -x**2 + 34392*x + 240819. What is b(-7)?
26
Let j(g) = 7729*g**2 + 301429*g - 93. Determine j(-39).
-15
Let g(a) = -80*a**2 - 7339*a + 1956. Determine g(-92).
24
Let x(f) = -68*f**2 + 801*f + 37175. What is x(30)?
5
Let n(x) = -5*x**3 - 13*x**2 + 38*x - 25. Calculate n(4).
-401
Let o(w) = -90405*w**2 - 180810*w - 2. Give o(-2).
-2
Let b(r) = -25*r**2 + 801*r - 798. What is b(31)?
8
Let b(p) = p**2 + 3474*p + 130600. Give b(-38).
32
Let r(j) = -2525*j - 53032. Determine r(-21).
-7
Let i(g) = -g**3 - 40*g**2 - 82*g + 1125. Calculate i(-37).
52
Let n(i) = 20*i**2 + 739*i - 2989. Determine n(4).
287
Let c(y) = 4*y**2 - 110*y - 1799. Calculate c(38).
-203
Let g(p) = 53*p**2 + 254*p - 33. What is g(-4)?
-201
Let d(m) = -15*m**2 - 16301*m - 64974. Calculate d(-4).
-10
Let r(m) = -42*m**2 + 956*m - 5443. Determine r(12).
-19
Let o(i) = 6*i**3 + 33*i**2 + 14*i - 129. Calculate o(-7).
-668
Let s(r) = 8*r**2 + 2443*r + 81961. Determine s(-267).
-8
Let i(g) = -g**3 + 66*g**2 + 313*g - 4048. What is i(70)?
-1738
Let l(f) = 12*f**2 - 2486*f - 75383. What is l(234)?
-35
Let t(n) = -423*n + 2484. What is t(6)?
-54
Let t(m) = m**3 + 542*m**2 + 2145*m - 3769. Determine t(-538).
-3
Let c(d) = 78*d - 309. Calculate c(4).
3
Let s(r) = -108*r**2 + 7128*r + 54. Determine s(66).
54
Let y(s) = 31607*s - 95555. Determine y(3).
-734
Let p(y) = 9*y**3 + 292*y**2 + 1449*y + 22. Determine p(-6).
-104
Let n(j) = -6*j**3 + 51*j**2 - 163*j + 1713. What is n(9)?
3
Let g(o) = o**3 - 7*o**2 - 825*o + 1655. Give g(2).
-15
Let d(p) = -p**3 - 31*p**2 - 305*p - 1912. Calculate d(-21).
83
Let i(u) = -u**2 - 1852*u - 67218. Determine i(-37).
-63
Let h(d) = -260*d + 8389. What is h(30)?
589
Let o(x) = -27649*x + 497681. Calculate o(18).
-1
Let m(p) = 130*p**3 - 4*p**2 + 6*p - 3. Give m(1).
129
Let y(k) = -k**3 + 752*k**2 - 16765*k - 1465. Calculate y(729).
-7
Let o(j) = 2*j**2 - 965*j - 704682. Determine o(882).
36
Let a(m) = -38*m**2 + 1082*m + 5672. Calculate a(33).
-4
Let f(k) = -k**2 - 1570*k - 171